{"id":84,"date":"2024-03-31T15:37:40","date_gmt":"2024-03-31T13:37:40","guid":{"rendered":"https:\/\/www.marsavrilmai.com\/?page_id=84"},"modified":"2025-03-12T17:48:42","modified_gmt":"2025-03-12T16:48:42","slug":"fiction","status":"publish","type":"page","link":"https:\/\/www.marsavrilmai.com\/index.php\/fiction\/","title":{"rendered":"NARRATIVES"},"content":{"rendered":"\n<hr class=\"wp-block-separator has-alpha-channel-opacity is-style-wide\"\/>\n\n\n\n<div style=\"height:33px\" aria-hidden=\"true\" class=\"wp-block-spacer\"><\/div>\n\n\n\n<figure class=\"wp-block-image aligncenter size-full is-resized has-custom-border\"><img loading=\"lazy\" decoding=\"async\" width=\"1920\" height=\"1080\" src=\"https:\/\/www.marsavrilmai.com\/wp-content\/uploads\/2025\/03\/MONTAGE-V2.00_00_44_16.Still001.png\" alt=\"\" class=\"wp-image-282\" style=\"border-style:none;border-width:0px;border-radius:52px;width:924px;height:auto\" srcset=\"https:\/\/www.marsavrilmai.com\/wp-content\/uploads\/2025\/03\/MONTAGE-V2.00_00_44_16.Still001.png 1920w, https:\/\/www.marsavrilmai.com\/wp-content\/uploads\/2025\/03\/MONTAGE-V2.00_00_44_16.Still001-300x169.png 300w, https:\/\/www.marsavrilmai.com\/wp-content\/uploads\/2025\/03\/MONTAGE-V2.00_00_44_16.Still001-1024x576.png 1024w\" sizes=\"auto, (max-width: 1920px) 100vw, 1920px\" \/><\/figure>\n\n\n<p style=\"text-align: center;\"><strong><em>Court-M\u00e9trage en Post-Production<\/em><\/strong><\/p>\n<p class=\"p1\" style=\"text-align: center;\">En plein apr\u00e8s-midi, dans une cit\u00e9 de la banlieue parisienne, Zackaria est cach\u00e9 sous une voiture, le souffle court. Il tente d\u2019\u00e9chapper co\u00fbte que co\u00fbte aux griffes de Fayssal et de Fodie qui semblent bien d\u00e9cid\u00e9s \u00e0 le retrouver. Que se passe-t-il ? Pourquoi essayent-ils de le d\u00e9busquer ? Et qui est donc ce d\u00e9tonnant chef de gang qui semble contr\u00f4ler cette chasse \u00e0 l\u2019homme ?<\/p>\n<p style=\"text-align: center;\"><em><strong>Auteur &amp; R\u00e9alisateur : J\u00e9r\u00e9my Mazza<\/strong><\/em><\/p>\n<p style=\"text-align: center;\"><strong><em>Sur une id\u00e9e originale de Thierry Grone<\/em><\/strong><\/p>\n<p style=\"text-align: center;\">\u00a0<\/p>\n\n\n<hr class=\"wp-block-separator has-alpha-channel-opacity is-style-wide\"\/>\n\n\n\n<div style=\"height:26px\" aria-hidden=\"true\" class=\"wp-block-spacer\"><\/div>\n\n\n\n<figure class=\"wp-block-image alignright size-large is-resized has-custom-border\"><img loading=\"lazy\" decoding=\"async\" width=\"724\" height=\"1024\" src=\"https:\/\/www.marsavrilmai.com\/wp-content\/uploads\/2025\/03\/Je-voulais-te-dire-COUV1-724x1024.png\" alt=\"\" class=\"wp-image-286\" style=\"border-width:4px;width:420px\" srcset=\"https:\/\/www.marsavrilmai.com\/wp-content\/uploads\/2025\/03\/Je-voulais-te-dire-COUV1-724x1024.png 724w, https:\/\/www.marsavrilmai.com\/wp-content\/uploads\/2025\/03\/Je-voulais-te-dire-COUV1-212x300.png 212w, https:\/\/www.marsavrilmai.com\/wp-content\/uploads\/2025\/03\/Je-voulais-te-dire-COUV1.png 1414w\" sizes=\"auto, (max-width: 724px) 100vw, 724px\" \/><\/figure>\n\n\n<p style=\"text-align: left;\"><strong><em>Court-M\u00e9trage en D\u00e9veloppement<\/em><\/strong><\/p>\n<p class=\"p1\"><i>Lisa a un probl\u00e8me : St\u00e9phane, son mari, lui semble trop affectueux avec <\/i><i>Alice, leur petite fille de quatre ans. Cette suspicion irrationnelle la ronge et <\/i><i>p\u00e8se dangereusement sur son couple. <\/i><i>C\u2019est aussi gr\u00e2ce aux photos qu\u2019elle plonge dans le bac de r\u00e9v\u00e9lateur et <\/i><i>qu\u2019elle gratte pour parvenir au blanc que Lisa va inverser le cours de son <\/i><i>histoire pour enfin construire sa vie.<\/i><\/p>\n<p style=\"text-align: left;\"><em><strong>Auteure &amp; R\u00e9alisatrice : Brigitte Barbier<\/strong><\/em><\/p>\n\n\n<div style=\"height:26px\" aria-hidden=\"true\" class=\"wp-block-spacer\"><\/div>\n\n\n\n<hr class=\"wp-block-separator has-alpha-channel-opacity is-style-wide\"\/>\n\n\n\n<div style=\"height:44px\" aria-hidden=\"true\" class=\"wp-block-spacer\"><\/div>\n\n\n\n<figure class=\"wp-block-image alignleft size-large is-resized has-custom-border\" style=\"margin-top:0;margin-right:0;margin-bottom:0;margin-left:0\"><img loading=\"lazy\" decoding=\"async\" width=\"832\" height=\"1024\" src=\"https:\/\/www.marsavrilmai.com\/wp-content\/uploads\/2025\/03\/Capture-decran-2025-03-12-a-17.03.06-832x1024.png\" alt=\"\" class=\"wp-image-281\" style=\"border-width:4px;width:420px;height:auto\" srcset=\"https:\/\/www.marsavrilmai.com\/wp-content\/uploads\/2025\/03\/Capture-decran-2025-03-12-a-17.03.06-832x1024.png 832w, https:\/\/www.marsavrilmai.com\/wp-content\/uploads\/2025\/03\/Capture-decran-2025-03-12-a-17.03.06-244x300.png 244w, https:\/\/www.marsavrilmai.com\/wp-content\/uploads\/2025\/03\/Capture-decran-2025-03-12-a-17.03.06.png 1816w\" sizes=\"auto, (max-width: 832px) 100vw, 832px\" \/><\/figure>\n\n\n<p style=\"text-align: right;\"><strong><em>Court-M\u00e9trage en D\u00e9veloppement<\/em><\/strong><\/p>\n<p class=\"p1\" style=\"text-align: right;\">Emma apprend les r\u00e9sultats du casting pour int\u00e9grer une troupe de th\u00e9\u00e2tre prestigieuse et jouer le r\u00f4le de ses r\u00eaves, Antigone. Elle est doublure du r\u00f4le que son amie Lily d\u00e9croche.<\/p>\n<p style=\"text-align: right;\"><em><strong>Auteure &amp; R\u00e9alisatrice : Sophie Perron<\/strong><\/em><\/p>\n\n\n<div style=\"height:38px\" aria-hidden=\"true\" class=\"wp-block-spacer\"><\/div>\n\n\n\n<hr class=\"wp-block-separator has-alpha-channel-opacity is-style-wide\"\/>\n\n\n\n<div style=\"height:34px\" aria-hidden=\"true\" class=\"wp-block-spacer\"><\/div>\n\n\n\n<figure data-wp-context=\"{&quot;imageId&quot;:&quot;69e2282772f29&quot;}\" data-wp-interactive=\"core\/image\" data-wp-key=\"69e2282772f29\" class=\"wp-block-image alignright size-large is-resized has-custom-border is-style-default wp-lightbox-container\"><img loading=\"lazy\" decoding=\"async\" width=\"793\" height=\"1024\" data-wp-class--hide=\"state.isContentHidden\" data-wp-class--show=\"state.isContentVisible\" data-wp-init=\"callbacks.setButtonStyles\" data-wp-on--click=\"actions.showLightbox\" data-wp-on--load=\"callbacks.setButtonStyles\" data-wp-on-window--resize=\"callbacks.setButtonStyles\" src=\"https:\/\/www.marsavrilmai.com\/wp-content\/uploads\/2024\/03\/SANS-CONTACT-VISU--793x1024.png\" alt=\"\" class=\"has-border-color has-foreground-border-color wp-image-95\" style=\"border-width:4px;width:432px;height:auto\" srcset=\"https:\/\/www.marsavrilmai.com\/wp-content\/uploads\/2024\/03\/SANS-CONTACT-VISU--793x1024.png 793w, https:\/\/www.marsavrilmai.com\/wp-content\/uploads\/2024\/03\/SANS-CONTACT-VISU--232x300.png 232w, https:\/\/www.marsavrilmai.com\/wp-content\/uploads\/2024\/03\/SANS-CONTACT-VISU-.png 1241w\" sizes=\"auto, (max-width: 793px) 100vw, 793px\" \/><button\n\t\t\tclass=\"lightbox-trigger\"\n\t\t\ttype=\"button\"\n\t\t\taria-haspopup=\"dialog\"\n\t\t\taria-label=\"Agrandir\"\n\t\t\tdata-wp-init=\"callbacks.initTriggerButton\"\n\t\t\tdata-wp-on--click=\"actions.showLightbox\"\n\t\t\tdata-wp-style--right=\"state.imageButtonRight\"\n\t\t\tdata-wp-style--top=\"state.imageButtonTop\"\n\t\t>\n\t\t\t<svg xmlns=\"http:\/\/www.w3.org\/2000\/svg\" width=\"12\" height=\"12\" fill=\"none\" viewBox=\"0 0 12 12\">\n\t\t\t\t<path fill=\"#fff\" d=\"M2 0a2 2 0 0 0-2 2v2h1.5V2a.5.5 0 0 1 .5-.5h2V0H2Zm2 10.5H2a.5.5 0 0 1-.5-.5V8H0v2a2 2 0 0 0 2 2h2v-1.5ZM8 12v-1.5h2a.5.5 0 0 0 .5-.5V8H12v2a2 2 0 0 1-2 2H8Zm2-12a2 2 0 0 1 2 2v2h-1.5V2a.5.5 0 0 0-.5-.5H8V0h2Z\" \/>\n\t\t\t<\/svg>\n\t\t<\/button><\/figure>\n\n\n\n<p class=\"has-text-align-left\"><strong><em>Court-M\u00e9trage en D\u00e9veloppement<\/em><\/strong><\/p>\n\n\n\n<p class=\"has-text-align-left\">Dimitri vit en ermite dans un immense supermarch\u00e9 depuis qu&rsquo;il y a \u00e9t\u00e9 oubli\u00e9 par ses parents 20 ans auparavant. N&rsquo;ayant jamais trouv\u00e9 la sortie, son unique espoir r\u00e9side dans le ticket d&rsquo;or cach\u00e9 dans un paquet de c\u00e9r\u00e9ales, qui, selon la publicit\u00e9, offrira \u00e0 son d\u00e9tenteur \u00ab\u00a0l&rsquo;\u00e9vasion dont il a toujours r\u00eav\u00e9\u00a0\u00bb<\/p>\n\n\n\n<p class=\"has-text-align-left\"><em><strong>Auteurs &amp; R\u00e9alisateurs : Maxime Rebe et Jules Aubert<\/strong><\/em><\/p>\n\n\n\n<p><\/p>\n\n\n\n<p><\/p>\n\n\n\n<p><\/p>\n","protected":false},"excerpt":{"rendered":"<p>Court-M\u00e9trage en Post-Production En plein apr\u00e8s-midi, dans une cit\u00e9 de la banlieue parisienne, Zackaria est cach\u00e9 sous une voiture, le souffle court. Il tente d\u2019\u00e9chapper co\u00fbte que co\u00fbte aux griffes de Fayssal et de Fodie qui semblent bien d\u00e9cid\u00e9s \u00e0 le retrouver. Que se passe-t-il ? Pourquoi essayent-ils de le d\u00e9busquer ? Et qui est &hellip; <\/p>\n<p class=\"link-more\"><a href=\"https:\/\/www.marsavrilmai.com\/index.php\/fiction\/\" class=\"more-link\">Lire la suite de<span class=\"screen-reader-text\">\u00ab\u00a0NARRATIVES\u00a0\u00bb<\/span><\/a><\/p>\n","protected":false},"author":1,"featured_media":0,"parent":0,"menu_order":0,"comment_status":"closed","ping_status":"closed","template":"","meta":{"footnotes":""},"class_list":["post-84","page","type-page","status-publish","hentry"],"featured_media_urls":[],"_links":{"self":[{"href":"https:\/\/www.marsavrilmai.com\/index.php\/wp-json\/wp\/v2\/pages\/84","targetHints":{"allow":["GET"]}}],"collection":[{"href":"https:\/\/www.marsavrilmai.com\/index.php\/wp-json\/wp\/v2\/pages"}],"about":[{"href":"https:\/\/www.marsavrilmai.com\/index.php\/wp-json\/wp\/v2\/types\/page"}],"author":[{"embeddable":true,"href":"https:\/\/www.marsavrilmai.com\/index.php\/wp-json\/wp\/v2\/users\/1"}],"replies":[{"embeddable":true,"href":"https:\/\/www.marsavrilmai.com\/index.php\/wp-json\/wp\/v2\/comments?post=84"}],"version-history":[{"count":14,"href":"https:\/\/www.marsavrilmai.com\/index.php\/wp-json\/wp\/v2\/pages\/84\/revisions"}],"predecessor-version":[{"id":289,"href":"https:\/\/www.marsavrilmai.com\/index.php\/wp-json\/wp\/v2\/pages\/84\/revisions\/289"}],"wp:attachment":[{"href":"https:\/\/www.marsavrilmai.com\/index.php\/wp-json\/wp\/v2\/media?parent=84"}],"curies":[{"name":"wp","href":"https:\/\/api.w.org\/{rel}","templated":true}]}}